e 13, what is 3c9 + -14c?
27a
In base 10, what is -17471 - -3?
-17468
In base 4, what is -130103011 - -1?
-130103010
In base 16, what is 207ec3 + -5?
207ebe
In base 4, what is 20200212 - -21?
20200233
In base 11, what is 24467 - 5?
24462
In base 5, what is -433 + 1210030?
1204042
In base 11, what is -1480a - 2?
-14811
In base 4, what is 0 + 2013112312?
2013112312
In base 10, what is -5 - 1125517?
-1125522
In base 16, what is -f - -148?
139
In base 16, what is -7 - 76?
-7d
In base 3, what is 1022101010020 - -11?
1022101010101
In base 4, what is -12 + 110120103?
110120031
In base 4, what is -2321 - 331100?
-1000021
In base 14, what is 3 - -7cd6c?
7cd71
In base 8, what is -5 + -6043?
-6050
In base 2, what is 1 + 100101010001111100?
100101010001111101
In base 14, what is -9 - 76a?
-775
In base 15, what is -144e5 - 3?
-144e8
In base 7, what is 5 + 6042?
6050
In base 14, what is -20 - 34b?
-36b
In base 7, what is 16303 - 13?
16260
In base 3, what is -10002102 - -102?
-10002000
In base 13, what is -339 + -1bc6?
-2232
In base 8, what is 5162 - -14?
5176
In base 13, what is -311 - 87?
-398
In base 2, what is 1000010000001000101011 - -11?
1000010000001000101110
In base 16, what is -13 + 145f?
144c
In base 3, what is -122010022 + -2?
-122010101
In base 12, what is -62 + 2170?
210a
In base 5, what is 1040 + 2212?
3302
In base 11, what is 116317 - -4?
116320
In base 15, what is 1743a - 5?
17435
In base 4, what is -1331 - 13110?
-21101
In base 14, what is -c8 - 31b7?
-32a1
In base 6, what is 1355 + 455?
2254
In base 16, what is 2 - -2d95d?
2d95f
In base 4, what is 33212 + 230?
100102
In base 9, what is 414 - 5?
408
In base 15, what is -1 + 11316e?
11316d
In base 16, what is -14a6b - -3?
-14a68
In base 6, what is 14 - 1051551?
-1051533
In base 3, what is 10110 + -11222110?
-11212000
In base 4, what is -20023 + 2333?
-11030
In base 8, what is 1 - -212065?
212066
In base 14, what is 3 - 23938?
-23935
In base 16, what is -67e + -2d?
-6ab
In base 3, what is -22000022010 - 0?
-22000022010
In base 12, what is 142212 - 3?
14220b
In base 4, what is -102311 + 2233?
-100012
In base 14, what is 83 + -15?
6c
In base 3, what is -21210120 + 10?
-21210110
In base 11, what is -700 + 2?
-6a9
In base 9, what is -1 - 145007?
-145008
In base 11, what is -5 + 7196?
7191
In base 8, what is 157 - -5222?
5401
In base 11, what is 129377 + -4?
129373
In base 2, what is -111110110110 + 1?
-111110110101
In base 8, what is 0 + 570136?
570136
In base 13, what is -2 + -1019a?
-1019c
In base 6, what is -2343333 - 5?
-2343342
In base 14, what is -9c + -3d6?
-494
In base 4, what is -223203022 + -2?
-223203030
In base 16, what is 1d + 322?
33f
In base 13, what is -8 + 8a3a?
8a32
In base 12, what is 13 - 2a57?
-2a44
In base 15, what is -43 + -24eab?
-24eee
In base 10, what is 1248363 + 0?
1248363
In base 8, what is -13 - -44063?
44050
In base 13, what is -bb82 - 4?
-bb86
In base 6, what is 0 + 120541?
120541
In base 11, what is -335 + 234?
-101
In base 15, what is -1e80 - 4?
-1e84
In base 3, what is 1 + 222220110?
222220111
In base 10, what is -1973 - -337?
-1636
In base 10, what is -203 + 13443?
13240
In base 3, what is 2000 - -11112211?
11121211
In base 3, what is -20221 + -2000111010?
-2000202001
In base 2, what is 111011111 + 1001?
111101000
In base 4, what is -22330 + -12011?
-101001
In base 10, what is 213 + -4505?
-4292
In base 6, what is -420 + -2434?
-3254
In base 10, what is -5 + -10018?
-10023
In base 14, what is 0 + -869?
-869
In base 10, what is -1 - -21626?
21625
In base 8, what is 3 - -765447?
765452
In base 3, what is 121210 - -21210?
220120
In base 4, what is 3 + 330021311?
330021320
In base 12, what is -3 + 12624?
12621
In base 5, what is 40342 - 1003?
34334
In base 16, what is -13 - -77e?
76b
In base 11, what is 0 - 110a3?
-110a3
In base 5, what is -1111121 + 140?
-1110431
In base 6, what is 15523344 + -2?
15523342
In base 8, what is -20 + 455765?
455745
In base 7, what is 263 - -4256?
4552
In base 12, what is -250225 + 2?
-250223
In base 6, what is 0 - 1140203?
-1140203
In base 13, what is -71828 + -7?
-71832
In base 10, what is -5 - 21131?
-21136
In base 6, what is -4124534 - 2?
-4124540
In base 16, what is 2eca8b - 1?
2eca8a
In base 5, what is 1001114 - -142?
1001311
In base 2, what is -10 + -11111111000000?
-11111111000010
In base 12, what is -4 + -108729?
-108731
In base 2, what is 110100111010011000 - -100?
110100111010011100
In base 7, what is 43216 - 51?
43135
In base 3, what is 20010 + -20021?
-11
In base 12, what is 265a - 638?
2022
In base 3, what is 1002 + -1021111?
-1020102
In base 2, what is -10011 + 10110100100?
10110010001
In base 4, what is 31110 + -1301?
23203
In base 8, what is 76673 - -2?
76675
In base 8, what is 134273 - -4?
134277
In base 5, what is 13011 - 2320?
10141
In base 11, what is -12042 - 3?
-12045
In base 11, what is -40 + -625a7?
-62637
In base 8, what is 30552 - -73?
30645
In base 8, what is 3325013 - -4?
3325017
In base 14, what is 522a - -10b?
5337
In base 15, what is 1cab2 - 5?
1caac
In base 8, what is 123227 - -6?
123235
In base 8, what is 26 + 32220?
32246
In base 16, what is -1f + -155?
-174
In base 12, what is -24 - -10bb7?
10b93
In base 9, what is 1367 + -10?
1357
In base 7, what is -443 - 3036?
-3512
In base 16, what is 2c - 16ab?
-167f
In base 11, what is -9 - -1945?
1937
In base 3, what is -1211211 - -11211?
-1200000
In base 4, what is 20223123 - -10?
20223133
In base 8, what is 777 + -134?
643
In base 2, what is 1010101101 + -100111000?
101110101
In base 12, what is -196 + 839?
663
In base 16, what is -1ce5c6 + 5?
-1ce5c1
In base 8, what is 121 + -67?
32
In base 10, what is 19 + 2191?
2210
In base 3, what is -1020101101 - 101?
-1020101202
In base 16, what is -2 + -c5f7?
-c5f9
In base 6, what is 154 - -104503?
105101
In base 13, what is 312b - 5?
3126
In base 15, what is -6 + -21005?
-2100b
In base 6, what is 104 + -212530?
-212422
In base 9, what is -2 + -366287?
-366300
In base 12, what is 16a3 + 140?
1823
In base 8, what is 1104775 + 5?
1105002
In base 3, what is -11 + 2000201100?
2000201012
In base 7, what is -144255 + 2?
-144253
In base 12, what is 17393 + -2?
17391
In base 14, what is -62b810 + 4?
-62b80a
In base 11, what is 29733 + -2?
29731
In base 2, what is -10011 - 10101100101100000?
-10101100101110011
In base 6, what is -2231 - -50?
-2141
In base 5, what is 4 - 34130?
-34121
In base 14, what is -18 - -591?
577
In base 12, what is -8a66 - 1b?
-8a85
In base 10, what is -18902 - -47?
-18855
In base 8, what is 6 + -35120?
-35112
In base 16, what is 5 + fda53?
fda58
In base 7, what is -4 - 52211?
-52215
In base 10, what is -3247 - -72?
-3175
In base 6, what is -5 - 11142144?
-11142153
In base 8, what is 13 - -2462?
2475
In base 3, what is -21001110 - -10010?
-20221100
In base 5, what is -14 + 113220?
113201
In base 11, what is -5536 - -1?
-5535
In base 2, what is 11011100 - -1001010?
100100110
In base 6, what is -441 + -3022?
-3503
In base 8, what is -42 - 26027?
-26071
In base 7, what is -6120200 - -2?
-6120165
In base 8, what is 4 - -13035?
13041
In base 13, what is 2064 + -17?
204a
In base 4, what is 122 - 10320003?
-10313221
In base 16, what is 24 - 238?
-214
In base 15, what is 4 + -349e7?
-349e3
In base 9, what is 302455 - -4?
302460
In base 14, what is 7b6d + 2?
7b71
In base 3, what is 2120101010012 + -2?
2120101010010
In base 14, what is -a1 + -47d?
-540
In base 16, what is -ae - -26a?
1bc
In base 16, what is -9 - -1917e?
19175
In base 13, what is 84 + 293?
347
In base 6, what is 1 + 200501?
200502
In base 16, what is -d3d - 1?
-d3e
In base 5, what is 4120333 + -4?
4120324
In base 7, what is 3 - -1052452?
1052455
In base 2, what is -10110110111000010100 + 10?
-10110110111000010010
In base 6, what is 2 - -1535?
1541
In base 7, what is 5 - 20610?
-20602
In base 15, what is -2633 - 191?
-27c4
In base 8, what is -245632 - -4?
-245626
In base 7, what is -342544 - 1?
-342545
In base 2, what is -100010001010 - -1100011?
-100000100111
In base 8, what is 132251 - 4?
132245
In base 14, what is 22 - -5044?
5066
In base 7, what is 5153 + -221?
4632
In base 7, what is -665 - -30?
-635
In base 9, what is -130 + 4303?
4163
In base 9, what is -58835 - -1?
-58834
In base 7, what is 5 - -1564026?
1564034
In base 11, what is -a42